- 4*x - 7. Determine i(-6).
17
Let a(q) = -5*q + 117. Calculate a(21).
12
Let f(c) = -7*c + 4. Determine f(-2).
18
Let g(l) = l**3 + 4*l**2 + 4*l + 9. Determine g(-4).
-7
Let f(g) = -g**2 - 9*g - 11. Determine f(-8).
-3
Let d(u) = u**3 - 10*u**2 - 17*u + 4. What is d(12)?
88
Let o(y) = -y**3 - 6*y**2 - 2*y - 20. Determine o(-6).
-8
Let o(b) = b**2 - 8*b + 10. Calculate o(9).
19
Let b(u) = -u**2 - 7*u + 2. Calculate b(-9).
-16
Let s(n) = -n**2 - 3*n + 14. Calculate s(-6).
-4
Let u(r) = -2*r + 1. Calculate u(-5).
11
Let r(x) = -x**2 + 32. What is r(-5)?
7
Let g(x) = -x**3 - 23*x**2 + 52*x + 50. Give g(-25).
0
Let j(g) = -g**2 - 5*g + 4. What is j(5)?
-46
Let g(h) = 68*h**3 - h**2 + 2*h - 1. What is g(1)?
68
Let f(b) = 3*b + 50. Determine f(-19).
-7
Let p(a) = 5*a**3 - a**2 + 6*a - 5. What is p(1)?
5
Let x(z) = z**3 - 5*z**2 - 6*z + 7. Determine x(5).
-23
Let p(t) = -t**3 - 2. Determine p(0).
-2
Let u(j) = 3*j + 5. What is u(-6)?
-13
Let q(x) = -3*x**2 - 11*x - 7. Calculate q(0).
-7
Let x(q) = -18*q**2 - 9*q + 2. Calculate x(-1).
-7
Let t(z) = 2*z**2 + 58*z. Give t(-29).
0
Let v(j) = -j**3 + 8*j**2 + 11*j - 7. What is v(9)?
11
Let j(t) = t**3 + 4*t**2 + 3*t + 9. Calculate j(-4).
-3
Let n(d) = -d**3 - 7*d**2 + 2*d + 18. Give n(-7).
4
Let r(q) = 4*q + 53. What is r(-22)?
-35
Let b(y) = y**3 + 7*y**2 - 6*y + 16. Calculate b(-8).
0
Let a(j) = j**2 - 12*j + 3. Calculate a(8).
-29
Let m(g) = 15*g + 16. Give m(0).
16
Let s(q) = -2*q**3 - 8*q**2 + 5*q + 24. Give s(-4).
4
Let i(f) = 2*f**3 - 57*f**2 + 24*f + 97. Calculate i(28).
-15
Let t(y) = -6*y + 386. Determine t(66).
-10
Let n(c) = -17*c. Calculate n(2).
-34
Let z(i) = i**3 - 5*i**2 + 4*i + 3. Give z(5).
23
Let c(j) = -2*j**2 - 28*j + 15. Calculate c(-14).
15
Let z(d) = -d**3 - 5*d**2 + 2*d - 10. Give z(-6).
14
Let k(o) = 11*o**2 + 5*o + 4. What is k(-2)?
38
Let u(k) = -k**2 + 10*k - 16. What is u(13)?
-55
Let w(m) = m**2 + 3*m + 1. Give w(0).
1
Let t(a) = -a**3 - 5*a**2 + 8*a + 1. Calculate t(-6).
-11
Let l(p) = p**2 - 17*p + 19. Determine l(14).
-23
Let m(l) = 2*l**3 - 9*l**2 - 2*l + 5. Give m(4).
-19
Let i(m) = -4*m + 66. What is i(35)?
-74
Let v(l) = l**3 - l**2 + 2*l + 1. Give v(2).
9
Let a(z) = -6*z - 15. Give a(-4).
9
Let b(c) = -86*c + 1207. What is b(14)?
3
Let g(x) = -x**2 + 10*x + 13. Give g(11).
2
Let m(u) = 2*u**3 - 7*u**2 + 4*u - 12. What is m(3)?
-9
Let n(t) = t**3 + 3*t**2 - 13*t - 7. Give n(-6).
-37
Let h(x) = 15*x + 25. What is h(-2)?
-5
Let o(g) = -g**3 - 20*g**2 + 22*g + 16. Determine o(-21).
-5
Let b(g) = 22*g**2 - g. What is b(-1)?
23
Let x(p) = p**2 + 8*p - 15. Give x(-6).
-27
Let u(a) = -a**3 + 14*a**2 + 32*a - 34. Give u(16).
-34
Let f(m) = 2*m - 32. Determine f(-15).
-62
Let f(v) = -59*v + 33. Determine f(3).
-144
Let b(f) = -9*f**2 + 44*f + 44. What is b(-1)?
-9
Let b(a) = -3*a**2 - 4*a - 5. Determine b(-2).
-9
Let q(m) = -m**2 + 5*m + 18. Determine q(8).
-6
Let f(r) = 9*r + 15. Calculate f(6).
69
Let s(o) = -2*o + 7. Give s(8).
-9
Let c(t) = t**2 - 25*t + 149. What is c(10)?
-1
Let i(s) = -2*s**2 + 8*s - 14. Give i(6).
-38
Let i(v) = v**3 - 11*v**2 - 27*v + 5. What is i(13)?
-8
Let q(z) = -26*z + 3. Calculate q(-1).
29
Let k(n) = -n**2 + 9*n - 18. Calculate k(4).
2
Let v(f) = 6*f + 6. Determine v(1).
12
Let t(z) = z**3 + 21*z**2 + 35*z - 41. What is t(-19)?
16
Let g(z) = z**2 - 13*z + 8. Give g(7).
-34
Let s(a) = a**3 + 3*a**2 - 6*a - 5. Give s(-5).
-25
Let q(f) = f**3 - 7*f**2 - f + 12. Calculate q(7).
5
Let h(j) = -j**3 + 3*j**2 + 7*j - 4. Give h(5).
-19
Let a(t) = t**3 + 20*t**2 - 7*t - 142. Give a(-20).
-2
Let c(l) = l**2 + l. Determine c(-3).
6
Let a(f) = f**2 - 7*f - 17. What is a(-4)?
27
Let a(o) = 3*o**3 + 2*o**2 - 3*o + 2. Give a(-3).
-52
Let z(j) = j**2 + 6*j + 21. What is z(-3)?
12
Let f(j) = -5*j - 12. Calculate f(-4).
8
Let c(a) = 6*a - 3. Calculate c(2).
9
Let m(f) = 5*f + 6. Determine m(-4).
-14
Let d(p) = p - 1. Give d(9).
8
Let h(n) = -n**3 + 14*n**2 - 3*n - 18. Give h(14).
-60
Let p(y) = -y**3 + 7*y**2 + 4*y + 5. What is p(7)?
33
Let m(j) = -2*j**2 + 3*j. Determine m(7).
-77
Let l(r) = r**2 - 9*r - 18. What is l(11)?
4
Let z(r) = -5*r**2 + 19*r - 2. Give z(4).
-6
Let t(o) = -o**3 - 11*o**2 - 14*o - 64. Calculate t(-10).
-24
Let g(j) = 3*j + 18. Calculate g(-10).
-12
Let t(h) = -2*h + 41. Determine t(18).
5
Let c(h) = -33*h - 456. Calculate c(-14).
6
Let g(y) = y**2 - 6*y - 4. What is g(4)?
-12
Let j(b) = b**2 - 2*b + 1. Calculate j(0).
1
Let x(u) = u**3 + 7*u**2 + 16*u + 60. Give x(-6).
0
Let j(v) = 19*v - 154. Calculate j(8).
-2
Let v(t) = t**3 - 13*t**2 - 27*t + 2. Determine v(15).
47
Let u(b) = -b**2 + 9*b + 5. Give u(5).
25
Let t(s) = -s**3 + 24*s**2 - 81*s + 13. What is t(20)?
-7
Let s(g) = -12*g + 27. Give s(-4).
75
Let q(l) = l**3 - l**2 - 2*l + 4. Give q(0).
4
Let s(a) = -12*a**2 + 2*a + 4. Give s(-1).
-10
Let b(u) = 2*u - 70. Give b(34).
-2
Let g(u) = -u**2 + u + 3. Calculate g(3).
-3
Let x(d) = -6*d - 276. What is x(-47)?
6
Let x(c) = c - 6. What is x(-6)?
-12
Let d(z) = z**3 + 19*z**2 + 22*z + 23. Give d(-18).
-49
Let c(z) = z + 19. Give c(-14).
5
Let z(l) = l**3 - l**2 - 41*l + 1. Determine z(0).
1
Let n(k) = k**2 + 18*k + 3. Give n(0).
3
Let b(s) = 3*s**3 + 46*s**2 - 35*s - 40. Give b(-16).
8
Let s(f) = f**3 - 4*f**2 - 4*f + 5. Calculate s(2).
-11
Let d(o) = -8*o**2 - 2*o + 1. Determine d(3).
-77
Let v(r) = -r**3 + 3*r**2 - 8*r - 11. Determine v(-3).
67
Let v(s) = s**2 - 14*s + 12. Give v(13).
-1
Let i(p) = p**2 - 10*p - 8. Determine i(10).
-8
Let y(f) = -41*f + 1. What is y(2)?
-81
Let z(p) = p + 4. Give z(0).
4
Let g(j) = -j**2 + 9*j - 20. Give g(9).
-20
Let a(h) = -30*h + 2. What is a(-2)?
62
Let p(t) = -2*t**3 + 48*t**2 - 48*t + 49. What is p(23)?
3
Let p(n) = -n**2 + 6*n + 3. What is p(3)?
12
Let a(g) = g**3 + 26*g**2 + 25*g + 4. Calculate a(-25).
4
Let n(j) = -29*j + 1503. Give n(52).
-5
Let v(x) = 3*x**2 + 4*x + 16. Calculate v(-5).
71
Let h(y) = y**3 + 12*y**2 - 13*y - 158. Give h(-12).
-2
Let l(z) = -z**3 - z**2 + z + 1. What is l(1)?
0
Let g(z) = -z**2 + 18*z + 17. Calculate g(18).
17
Let g(s) = s + 14. Determine g(-18).
-4
Let v(y) = 6*y - 4. Determine v(2).
8
Let v(u) = -6*u + 3. What is v(1)?
-3
Let d(j) = j**3 - 4*j**2 - 2*j - 14. Give d(5).
1
Let v(i) = -3*i**2 - 4*i + 8. Determine v(-6).
-76
Let m(a) = -2*a + 17. What is m(13)?
-9
Let n(x) = x**2 + 3*x - 7. Give n(4).
21
Let w(x) = -2*x**2 + 61*x + 24. Calculate w(31).
-7
Let i(h) = -h + 24. Calculate i(4).
20
Let g(u) = u**3 + 5*u**2 + 7*u + 4. Determine g(-3).
1
Let i(c) = -c**3 - 8*c**2 - 6*c + 17. Give i(-6).
-19
Let h(j) = 7*j - 169. Determine h(26).
13
Let z(b) = 2*b**2 - 79*b - 124. Calculate z(41).
-1
Let b(d) = -d**3 + 6*d**2 + 4. Give b(5).
29
Let a(r) = 12*r - 28. What is a(4)?
20
Let i(p) = -36*p - 323. Calculate i(-9).
1
Let u(o) = 2*o**3 + 9*o**2 - 21*o - 91. Calculate u(-5).
-11
Let n(l) = -15*l**2 + 2*l - 3. Determine n(1).
-16
Let i(m) = m**2 - 15*m - 6. Give i(16).
10
Let w(z) = z**2 + 3*z - 17. Give w(-5).
-7
Let f(s) = -4*s - 15. What is f(4)?
-31
Let k(p) = p**3 + 9*p**2 + 10. What is k(-9)?
10
Let q(y) = -y**2 + 6*y + 12. Give q(7).
5
Let l(a) = a**2 + 7*a + 13. Determine l(-5).
3
Let f(j) = -j**3 + 5*j**2 - 4. Calculate f(4).
12
Let f(x) = x**2 + 5*x + 3. Determine f(-7).
17
Let h(t) = 4*t + 44. Calculate h(-13).
-8
Let l(n) = -n - 20. Calculate l(-9).
-11
Let v(z) = z**2 - 11*z + 6. What is v(11)?
6
Let z(y) = 2*y - 46. Give z(13).
-20
Let v(d) = 4*d + 147. Calculate v(-31).
23
Let l(t) = t**3 - 6*t**2 - t - 13. What is l(7)?
29
Let g(a) = -2*a**2 - 4*a + 116. Give g(7).
-10
Let t(m) = m**2 + 2*m - 10. What is t(-5)?
5
Let q(o) = -o**2 + 5*o + 7. Calculate q(6).
1
Let a(n) = -n**3 - 5*n**2 - 10. Calculate a(-7).
88
Let d(c) = -4*c**2 - 9*c - 6. Determine d(-2).
-4
Let q(i) = 6*i + 126. Calculate q(-15).
36
Let p(d) = d**2 + 4. Determine p(4).
20
Let b(j) = -j**3 - 8*j**2 + 4*j + 19. What is b(-8)?
-13
Let q(z) = -z - 9. Calculate q(-7).
-2
Let p(i) = i**3 + 7*i**2 - 8*i + 8. Give p(-8).
8
Let f(w) = w**3 - 21*w**2 - 3*w + 57. Determine f(21).
-6
Let v(g) = 18*g + 7. Give v(-2).
-29
Let b(q) = -q**2 - 7*q - 13. Calculate b(-10).
-43
Let z(i) = i**2 - 4*i + 15. Give z(0).
15
Let z(g) = -g**2 - 9*g - 3. Give z(-7).
11
Let z(g) = g**2 - 3*g - 2. What i